t v(c) = 2601*c + 7855. Calculate the remainder when v(-3) is divided by 20/1 + -1 + 2.
10
Let a = -119 - -98. Let i(o) = -o**2 - 15*o + 133. Calculate the remainder when 46 is divided by i(a).
4
Let m(g) = 32*g + 42. Suppose -39*t - 15 = -38*t + 5*w, 5*t - w = 29. What is the remainder when m(t) is divided by 68?
66
Let x = 271 - 268. Suppose x*k = -k + 68. Calculate the remainder when 31 is divided by k.
14
Let t = 46 - 12. Suppose t = y - w + 3*w, -20 = -4*w. Suppose 59*u - 22*u = 27*u + 430. What is the remainder when u is divided by y?
19
Let h = 252 + -207. Calculate the remainder when 90 is divided by 66*(5 - h/10).
24
Let x be 104/156 + (-8)/(-6). Suppose 298 = x*q + 256. Calculate the remainder when 80 is divided by q.
17
Let g(l) = 16*l**2 + 432*l + 6529. Calculate the remainder when g(-16) is divided by 285.
8
Suppose -4*g + 8*p - 9*p + 249 = 0, -3*g = -5*p - 204. What is the remainder when 16062 is divided by g?
60
Let z(j) = 7*j**2 + 20*j - 1. What is the remainder when z(6) is divided by 22?
19
Calculate the remainder when 1460 is divided by (-244592)/(-168) + (-28)/(-294).
4
Suppose 22*s - 18*s - 40 = 0. Suppose 0 = -6*u + s*u - 76. Calculate the remainder when 150 is divided by (-2 + 4 + -3)*u*-2.
36
Suppose -480*a + 10197 + 35403 = 0. Calculate the remainder when 194 is divided by a.
4
Let i be (8 + -1)*(-11)/((-77)/14). Calculate the remainder when -3 - (-38)/14 - (-1810)/i is divided by 13.
12
Suppose 5*w + 38 = 3*f, 2*f - w - 3 = 13. What is the remainder when 102 is divided by f?
0
Let k(z) = z**3 + 21*z**2 - 37*z + 846. What is the remainder when (-249)/(1/(-1)*1) is divided by k(-24)?
3
Suppose 0 = 14*h - 2637 - 7919. What is the remainder when 1510 is divided by h?
2
Let t = -13627 - -13727. Calculate the remainder when t is divided by 73.
27
Let s(q) be the second derivative of q**5/20 + q**4/12 - q**3/3 - 2*q**2 + 3*q. Calculate the remainder when ((-280)/(-16))/((-100)/(-440)) is divided by s(3).
25
Calculate the remainder when 8797 is divided by 484/55*(-11 - (-34 - 2)).
217
What is the remainder when 1267 is divided by (-4)/92 + (-1504)/(-736)?
1
Suppose -258042 = -103*n + 139847. Calculate the remainder when n is divided by 20.
3
Suppose -239 = -4*p - 1075. Let a = p - -226. Calculate the remainder when a is divided by 3.
2
Let b = -35 - -172. Suppose -138*r + 22 = -b*r. Calculate the remainder when (-624)/(-32)*20/6 is divided by r.
21
Suppose z - 804 = 305. What is the remainder when z is divided by 111/((-2)/(-1)*3/4)?
73
Let c = -15139 - -16289. What is the remainder when c is divided by 292?
274
Let y = 9526 + -9365. Calculate the remainder when y is divided by 54.
53
Let z = -11 - -16. Suppose 4*x = u - 24, 5*u - 28 - 17 = z*x. Suppose u*t - 4*r - 18 - 242 = 0, 59 = t + 5*r. What is the remainder when t is divided by 24?
16
Let z(b) = 6*b**2 + 176*b + 1040. Calculate the remainder when 5972 is divided by z(-22).
68
Let a be 6*(-10)/(-105)*14. What is the remainder when 2 is divided by (1 - 21/3) + a?
0
Let q(x) = 3*x**3 + 9*x**2 - 6*x - 85. What is the remainder when 752 is divided by q(3)?
44
Let j = -61 + 48. Let c(q) = q**2 + 11*q - 23. Let y be c(j). Suppose -y*t = 12, -2*v + 4*t = -6*v + 360. Calculate the remainder when v is divided by 32.
30
Let x(j) = j**2 - 9*j - 14. Let o be x(5). Let p be o/(-51) + 5/(-3). Let s = 30 - p. Calculate the remainder when 214 is divided by s.
28
What is the remainder when 253*(-4)/(-44) + 465 is divided by 234?
20
Suppose 2*u = -3*n + 1405, -152*u + 149*u - 5*n + 2109 = 0. Calculate the remainder when u is divided by 40.
18
Let q = -9933 + 11285. Calculate the remainder when q is divided by 55.
32
Calculate the remainder when (-226793)/537*(-36)/14 is divided by 539.
8
Suppose -49*i + 51*i = -c + 22, -3*i = 2*c - 48. What is the remainder when 73 is divided by c?
13
Let a be (40/12 - 3)*(63 - 0). Let o = 88 + a. Calculate the remainder when o is divided by 23.
17
Let a be 4/30 - (849/(-45) - 5). Calculate the remainder when -3*1*(-16)/36*a is divided by (1/(-2))/((-2)/36).
5
Let a be (18 - 15)/(3/23). Suppose -202 = a*r - 1812. What is the remainder when r is divided by 52?
18
Suppose 5*h + 433 + 142 = 0. Let s(j) = -13*j + 56. Calculate the remainder when (-12)/(-78) + h/(-13) is divided by s(4).
1
Let m be ((-10)/(-30))/(-1) - (-16)/3. Suppose 2*x = -5*u - 0*x + 42, m*u + x = 46. Let a = u + 3. Calculate the remainder when 63 is divided by a.
11
Suppose -2*b - 11 = 5*x - 50, 0 = -2*b + x + 33. Calculate the remainder when 865 is divided by b.
15
Let p(r) be the first derivative of -2*r**3 + 47*r**2 - 8*r - 124. Calculate the remainder when 159 is divided by p(15).
3
Let a = 62 - -123. Let u(p) = -p**3 + 6*p**2 + 2*p - 4. Let y(r) = r**2 - 15*r - 11. Let l be y(16). Calculate the remainder when a is divided by u(l).
30
Suppose -1384 = 23*m - 27*m + 4*c, -5*c + 1740 = 5*m. Calculate the remainder when 713 is divided by m.
19
Let a(w) = 2*w - 5. Let k be a(4). Suppose -4*r - 1 = 2*p + 11, 4*p - k*r - 31 = 0. Suppose 22 = p*f - 62. What is the remainder when f is divided by 12?
9
Let y = -170 - 82. Let m be y/7*(-30)/4. Suppose 0 = 11*v - 20*v + m. Calculate the remainder when v is divided by 16.
14
Let o = 4373 + -4359. What is the remainder when 381 is divided by o?
3
Let z be 78/(-702) + 854/(-9). Let o = 244 + -462. Let t = z - o. Calculate the remainder when t is divided by 25.
23
Suppose -530*t + 168 = -528*t + x, 3*x = t - 49. What is the remainder when 1/(-2*(-2)/1884) is divided by t?
76
Calculate the remainder when 72 is divided by 26/91*(-8 - -141).
34
Let p be -1*(-3 + -106)*(-2 - 0). Suppose 19 = 2*s + 715. Let z = p - s. Calculate the remainder when z is divided by 33.
31
Let o be 9/3 + -5*1 - -1. Let u be (-13 + 18)*(o + 8). Let i = u - -29. Calculate the remainder when i is divided by 22.
20
Let o(g) = g - 30. Let m be o(6). Let z be (-14 + 17)/((-2)/m). Let p = z - 31. Calculate the remainder when 7 is divided by p.
2
Let y = -2197 + 205. Calculate the remainder when 26 is divided by (1/(-2) - -1)/((-166)/y).
2
Let i = -156 + 1073. What is the remainder when i is divided by 112?
21
Suppose g - 506 = -2*d + 650, 0 = 2*d - g - 1172. Calculate the remainder when 2338 is divided by d.
10
Let t be ((-8)/3)/(6 + 180/(-27)). Suppose 2*x + 324 = t*g + 4*x, 375 = 5*g - 5*x. What is the remainder when g is divided by ((-1)/2)/((-3)/126)?
16
Let l = -13913 - -21670. What is the remainder when l is divided by 18?
17
Let o be 2/(-3)*25/(150/27). Let h(n) = 37*n**2 + 51*n + 2. Calculate the remainder when h(o) is divided by 34.
12
Let a(g) be the first derivative of -3*g**4/4 + g**3/3 - g**2 - 2*g - 2. Let z be a(-1). Suppose -z*l + 27 = -61. What is the remainder when l is divided by 10?
2
Suppose r - 1 = 0, r + 56 = 3*x - 0*r. Suppose 85*o + 132 = 4*p + 81*o, -p - 3*o = -49. What is the remainder when p is divided by x?
18
Let g(j) = 59*j**2 + 44*j - 61. Calculate the remainder when g(10) is divided by 10.
9
Let g = -10 + 13. Suppose -g*k + 238 = -k. What is the remainder when k is divided by ((-20)/5 - -6)/((-25)/(-125))?
9
Let x be (-12)/(-1 + -1) + -8. Calculate the remainder when 303 is divided by 1 - x - (-20)/2 - -3.
15
Let c = 22100 - 21015. What is the remainder when c is divided by 1070?
15
Let w = -207 + 335. Suppose -2*u + 7*u - 180 = 0. Calculate the remainder when w is divided by u.
20
Suppose 4*t + 2*k = -2*k, -2*t = -2*k + 16. Let m(b) = 2*b**2 + b - 5. Let c be m(t). Let z = c - 12. Calculate the remainder when 32 is divided by z.
10
Let w be (-6)/(0 + (-20)/5 + 2). Let r(q) = 8*q**2 - 11*q + 12. What is the remainder when 139 is divided by r(w)?
37
Let j(f) = 9*f**2 - 14*f - 13. Let c be j(-1). Let z = 7 + -3. Suppose -z*w = -c - 6. What is the remainder when w is divided by 1?
0
Suppose 0 = 5*z + 5*j - 4570, -z + 86*j = 85*j - 908. Let g = -377 - -425. Calculate the remainder when z is divided by g.
47
Suppose 954 + 4796 = 63*t - 3007. What is the remainder when t is divided by 62?
15
Suppose -49*c + 3*b - 1030 = -54*c, -396 = -2*c + 2*b. Let s = 269 - c. What is the remainder when 191 is divided by s?
59
Let h(w) = w**2 + 11*w + 47. Let t(d) = -11*d - 30. Let y be t(-2). Let m(v) = v**3 - 6*v**2 + 8*v - 6. Calculate the remainder when h(y) is